 43
What are the prime factors of 741?
3, 13, 19
List the prime factors of 2834.
2, 13, 109
What are the prime factors of 4726?
2, 17, 139
List the prime factors of 33445.
5, 6689
What are the prime factors of 122991?
3, 11, 3727
What are the prime factors of 13726?
2, 6863
What are the prime factors of 45415?
5, 31, 293
List the prime factors of 96529.
83, 1163
List the prime factors of 46007.
13, 3539
List the prime factors of 626.
2, 313
What are the prime factors of 9649?
9649
List the prime factors of 16562.
2, 7, 13
What are the prime factors of 3873?
3, 1291
List the prime factors of 2956.
2, 739
List the prime factors of 777.
3, 7, 37
List the prime factors of 1529.
11, 139
List the prime factors of 41094.
2, 3, 761
List the prime factors of 8774.
2, 41, 107
List the prime factors of 802.
2, 401
List the prime factors of 2097.
3, 233
What are the prime factors of 15045?
3, 5, 17, 59
List the prime factors of 778.
2, 389
List the prime factors of 6417.
3, 23, 31
What are the prime factors of 2003?
2003
What are the prime factors of 6609?
3, 2203
List the prime factors of 12054.
2, 3, 7, 41
What are the prime factors of 16312?
2, 2039
What are the prime factors of 2350?
2, 5, 47
What are the prime factors of 15929?
17, 937
List the prime factors of 1868.
2, 467
List the prime factors of 1457.
31, 47
List the prime factors of 55770.
2, 3, 5, 11, 13
What are the prime factors of 21691?
109, 199
What are the prime factors of 6385?
5, 1277
What are the prime factors of 9867?
3, 11, 13, 23
List the prime factors of 1918.
2, 7, 137
What are the prime factors of 26658?
2, 3, 1481
List the prime factors of 22589.
7, 461
List the prime factors of 90269.
19, 4751
What are the prime factors of 16986?
2, 3, 19, 149
What are the prime factors of 37372?
2, 9343
What are the prime factors of 7835?
5, 1567
List the prime factors of 15179.
43, 353
List the prime factors of 62090.
2, 5, 7, 887
What are the prime factors of 93020?
2, 5, 4651
What are the prime factors of 3239?
41, 79
What are the prime factors of 17419?
17419
List the prime factors of 806.
2, 13, 31
List the prime factors of 7948.
2, 1987
What are the prime factors of 33640?
2, 5, 29
List the prime factors of 23962.
2, 11981
What are the prime factors of 42759?
3, 4751
List the prime factors of 7742.
2, 7, 79
What are the prime factors of 4555?
5, 911
List the prime factors of 2187.
3
List the prime factors of 25039.
7, 73
What are the prime factors of 17218?
2, 8609
List the prime factors of 234.
2, 3, 13
List the prime factors of 2426.
2, 1213
List the prime factors of 1613.
1613
What are the prime factors of 1601?
1601
List the prime factors of 61745.
5, 53, 233
What are the prime factors of 11182?
2, 5591
List the prime factors of 24889.
24889
List the prime factors of 49406.
2, 7, 3529
List the prime factors of 1251.
3, 139
List the prime factors of 1559.
1559
List the prime factors of 106770.
2, 3, 5, 3559
What are the prime factors of 18515?
5, 7, 23
List the prime factors of 2244.
2, 3, 11, 17
What are the prime factors of 234?
2, 3, 13
What are the prime factors of 97335?
3, 5, 7, 103
List the prime factors of 136976.
2, 7, 1223
List the prime factors of 35831.
35831
What are the prime factors of 475?
5, 19
List the prime factors of 20989.
139, 151
List the prime factors of 2309.
2309
What are the prime factors of 20727?
3, 7, 47
List the prime factors of 939.
3, 313
List the prime factors of 5990.
2, 5, 599
What are the prime factors of 739?
739
List the prime factors of 1222.
2, 13, 47
What are the prime factors of 3890?
2, 5, 389
What are the prime factors of 72836?
2, 131, 139
What are the prime factors of 28986?
2, 3, 4831
List the prime factors of 1507.
11, 137
List the prime factors of 17210.
2, 5, 1721
List the prime factors of 1186.
2, 593
List the prime factors of 19615.
5, 3923
What are the prime factors of 35526?
2, 3, 31, 191
What are the prime factors of 952?
2, 7, 17
List the prime factors of 39.
3, 13
List the prime factors of 34709.
61, 569
What are the prime factors of 5520?
2, 3, 5, 23
List the prime factors of 400.
2, 5
What are the prime factors of 3924?
2, 3, 109
What are the prime factors of 2397?
3, 17, 47
List the prime factors of 18578.
2, 7, 1327
List the prime factors of 63334.
2, 31667
What are the prime factors of 1872?
2, 3, 13
What are the prime factors of 39818?
2, 43, 463
What are the prime factors of 152?
2, 19
What are the prime factors of 225?
3, 5
What are the prime factors of 4752?
2, 3, 11
What are the prime factors of 46202?
2, 13, 1777
List the prime factors of 18380.
2, 5, 919
What are the prime factors of 297?
3, 11
What are the prime factors of 684?
2, 3, 19
What are the prime factors of 1688?
2, 211
List the prime factors of 27980.
2, 5, 1399
List the prime factors of 801.
3, 89
What are the prime factors of 54141?
3, 18047
What are the prime factors of 169632?
2, 3, 19, 31
What are the prime factors of 36929?
36929
What are the prime factors of 46337?
46337
What are the prime factors of 162?
2, 3
What are the prime factors of 5712?
2, 3, 7, 17
List the prime factors of 1322.
2, 661
What are the prime factors of 3673?
3673
What are the prime factors of 902?
2, 11, 41
List the prime factors of 1389.
3, 463
What are the prime factors of 1016?
2, 127
What are the prime factors of 26766?
2, 3, 1487
List the prime factors of 1958.
2, 11, 89
What are the prime factors of 6248?
2, 11, 71
What are the prime factors of 5852?
2, 7, 11, 19
What are the prime factors of 64918?
2, 7, 4637
List the prime factors of 8170.
2, 5, 19, 43
What are the prime factors of 869?
11, 79
What are the prime factors of 2959?
11, 269
List the prime factors of 123727.
123727
List the prime factors of 2888.
2, 19
List the prime factors of 5187.
3, 7, 13, 19
What are the prime factors of 403?
13, 31
What are the prime factors of 8444?
2, 2111
What are the prime factors of 71405?
5, 14281
What are the prime factors of 8240?
2, 5, 103
What are the prime factors of 6170?
2, 5, 617
What are the prime factors of 99291?
3, 23, 1439
What are the prime factors of 99603?
3, 7, 17, 31
What are the prime factors of 2055?
3, 5, 137
What are the prime factors of 20341?
20341
What are the prime factors of 9305?
5, 1861
List the prime factors of 3310.
2, 5, 331
List the prime factors of 2173.
41, 53
What are the prime factors of 21?
3, 7
List the prime factors of 8032.
2, 251
List the prime factors of 71788.
2, 131, 137
What are the prime factors of 1625?
5, 13
List the prime factors of 2976.
2, 3, 31
List the prime factors of 31369.
13, 19, 127
List the prime factors of 44.
2, 11
List the prime factors of 124012.
2, 7, 43, 103
What are the prime factors of 2275?
5, 7, 13
What are the prime factors of 5652?
2, 3, 157
What are the prime factors of 24319?
83, 293
What are the prime factors of 22759?
11, 2069
What are the prime factors of 2787?
3, 929
What are the prime factors of 2595?
3, 5, 173
What are the prime factors of 78744?
2, 3, 17, 193
What are the prime factors of 1064?
2, 7, 19
List the prime factors of 10801.
7, 1543
List the prime factors of 446.
2, 223
What are the prime factors of 979?
11, 89
List the prime factors of 3161.
29, 109
List the prime factors of 1658.
2, 829
What are the prime factors of 973?
7, 139
List the prime factors of 88.
2, 11
List the prime factors of 1268.
2, 317
List the prime factors of 310.
2, 5, 31
List the prime factors of 28973.
7, 4139
List the prime factors of 45581.
19, 2399
What are the prime factors of 57103?
17, 3359
What are the prime factors of 852?
2, 3, 71
What are the prime factors of 1098?
2, 3, 61
List the prime factors of 88029.
3, 9781
List the prime factors of 42662.
2, 83, 257
List the prime factors of 8841.
3, 7, 421
List the prime factors of 172.
2, 43
What are the prime factors of 6238?
2, 3119
What are the prime factors of 19102?
2, 9551
List the prime factors of 2121.
3, 7, 101
List the prime factors of 12742.
2, 23, 277
What are the prime factors of 26197?
17, 23, 67
What are the prime factors of 37502?
2, 17, 1103
List the prime factors of 298.
2, 149
What are the prime factors of 1145?
5, 229
List the prime factors of 4.
2
What are the prime factors of 1251?
3, 139
What are the prime factors of 401?
401
List the